uppose 4*w - 2*w - 920 = 0. Calculate the highest common divisor of b and w.
20
Let o = 72 - 70. Let y(x) = 11*x + 6. Let l be y(o). What is the greatest common divisor of 98 and l?
14
Let a be 1034 + -24 + (24/4 - 4). Suppose 0 = -4*k + 404 - 52. What is the highest common factor of a and k?
44
Let s = 99 - 98. Let j be s/4 - 262/(-8). Calculate the greatest common divisor of 3 and j.
3
Let l be (28/(-6))/((-21879)/1215 - -18). What is the highest common divisor of 12 and l?
6
Suppose -33*j = -19*j - 16142. Suppose 22*h - j = 1993. Calculate the highest common factor of h and 52.
13
Suppose 3*l = 2*h + 14 - 20, h - 16 = -5*l. What is the greatest common divisor of 1374 and h?
6
Suppose -248 + 11 - 484 = -103*a. What is the greatest common factor of 4459 and a?
7
Suppose -8*w + 5184 = -2544. Suppose 19*p - 9370 - w = 0. Calculate the highest common factor of 16 and p.
16
Let d = -830 + 1588. Suppose -10*k - 208 = -d. Calculate the highest common factor of 132 and k.
11
Let w = -116 + 132. Suppose 8642 - 2114 = 17*c. What is the highest common divisor of w and c?
16
Suppose 4*b = -8 + 20. Let q(u) = 22*u - 11. Let d be q(b). Calculate the highest common divisor of d and 5.
5
Let i = -15034 - -15085. Calculate the highest common factor of i and 123.
3
Let n(i) = i**3 + 4*i**2 - 8*i - 19. Let b be n(3). What is the greatest common factor of b and 1900?
20
Let l(t) = 20*t**2 + 85*t - 61. Let r(u) = 11*u**2 + 42*u - 31. Let q(x) = -4*l(x) + 7*r(x). Let z be q(-15). Calculate the greatest common factor of z and 21.
21
Let x = 19067 + -18761. Calculate the highest common divisor of x and 4743.
153
Suppose -10*g = -12*g + 24. Let s be ((-4)/g)/(-4 + (-382)/(-96)). Calculate the greatest common divisor of 16 and s.
16
Let n be (-693)/42*1/(-1)*2. What is the greatest common factor of n and 21?
3
Let m be (-3 + 11/4)*-20. Let i(d) = 5*d**3 - 2*d**2 + 5*d + 21. Let z be i(m). Calculate the greatest common factor of 23 and z.
23
Let d(m) = 86*m - 20. Let q be d(4). Suppose 3*t + 6 = 0, -3*p - t + 1618 = p. Calculate the greatest common factor of q and p.
81
Suppose 176 = 5*g + 2*d, 26 - 130 = -3*g - 2*d. Let p(a) = -a**2 + 230*a - 880. Let m be p(4). What is the highest common divisor of m and g?
12
Suppose 0 = -4*u + 56. Let z be 1 + 200/u - 6/21. Suppose -4*s = m - 26 + 5, 5*s - m = z. What is the highest common divisor of s and 10?
2
Suppose 0 = v - 22 + 14. Suppose -4*k - 36 = -v*k. Suppose 29 - k = i. What is the greatest common factor of 180 and i?
20
Let j be 4*(-7 - -8) - (-14 - 0). Let p(y) = -y**3 + 18*y**2 + 14*y - 230. Let a be p(j). What is the greatest common factor of a and 4?
2
Let x(q) = -10*q + 114. Let f be x(11). Suppose 5*w - 3*n = 7680, -f*w + 4642 = -w + 5*n. Calculate the greatest common divisor of 9 and w.
9
Let v be (-808)/(1 + 0 - 3)*4. Calculate the highest common divisor of 64 and v.
16
Suppose -59*l - 52*l + 24768 = -25*l. What is the greatest common divisor of 234 and l?
18
Suppose -3*c + 2338 = -5*y, 2*c - 2*y - 1558 = 2*y. What is the highest common divisor of 33 and c?
11
Let r(t) = -409*t + 8876. Let m be r(0). Calculate the greatest common divisor of 28 and m.
28
Let v(d) = -139*d - 655. Let h be v(-5). Calculate the greatest common factor of h and 3060.
20
Suppose -4*w + 14 = 3*u - 34, -4*w = -2*u - 68. Let t = 578 - 582. Let a be (-270)/(10/(t + -1)). What is the greatest common divisor of w and a?
15
Let g = 21 + -39. Suppose 3*b + 5 = -5*x, -3*b - b - 4*x + 4 = 0. Let t be (-4)/g - b/((-180)/5176). What is the highest common factor of t and 18?
18
Let l = -425 - -727. Suppose x = -12*p + 14*p - 119, 0 = -5*p + 4*x + l. What is the highest common divisor of p and 58?
58
Let f be ((-3)/(-2)*1 + -1)*0. Suppose 3*v - 26 - 1 = f. Calculate the greatest common factor of v and 171.
9
Let c(a) = a**3 - a - 1. Let u(l) = 7*l**3 - l**2 - 2*l - 1. Let p(q) = -4*c(q) + u(q). Let z be p(2). Calculate the greatest common factor of z and 3.
3
Let d be (14 - -1)*(8 - (-1044)/30). Let i = d - 630. What is the greatest common factor of 32 and i?
4
Let f(n) = 35*n + 4304. Let q be f(-114). Calculate the highest common factor of 1 and q.
1
Suppose 0 = 33*f - 26*f - 2*v - 125225, -3*v - 89448 = -5*f. What is the greatest common factor of f and 201?
201
Suppose -227*v + 224*v = -54. Suppose -4*i + 2*m + 3102 = 0, -i - 2*m = -254 - 514. Calculate the highest common factor of v and i.
18
Let z be (16/(-20))/((-2)/255). Let w = 408 - z. What is the greatest common divisor of w and 136?
34
Suppose -5*t + 12348 = -3*w, 0*t - 3*w + 7428 = 3*t. What is the highest common factor of t and 8?
8
Let t = 89 + -87. Let j(d) = 12 + 43*d - d**3 + 2 + 18 + 20*d**t. Let w be j(22). Calculate the highest common divisor of 10 and w.
10
Let o(a) = -a**2 - 8*a - 20. Suppose p - 13*p - 48 = 0. Let x be o(p). Let f be (-20)/1*x/1. What is the greatest common divisor of 16 and f?
16
Suppose 74 = -j + 4*g + 117, 4*g = -j + 11. What is the greatest common factor of j and 3294?
27
Let l(d) be the first derivative of 11*d**2/2 - 18*d - 707. Let t be 1/(-1 - (-7)/6). Let u be l(t). Calculate the greatest common divisor of 4 and u.
4
Let g(z) = z**2 - 8*z - 2. Let x be g(9). Suppose -8*w + 29 = -x*w. Suppose 5*i - 89 = -w. Calculate the highest common divisor of 96 and i.
12
Suppose 0*m + 2*m - 1030 = 0. Suppose -20 = 4*d + 4*t, -489*t + 20 = -2*d - 492*t. What is the highest common divisor of d and m?
5
Suppose 473 = -23*x - 815. Let q be (-7 - 376/x) + 816/14. Calculate the greatest common factor of q and 87.
29
Let n be (-8 - (-34)/(-10))*-5. Let i = -33 + 48. Let r = i + 4. Calculate the highest common divisor of r and n.
19
Suppose 5*a - 4*n - 3564 = 0, 2868 = 4*a + 29*n - 28*n. What is the greatest common factor of 4 and a?
4
Let x(m) = 13*m**3 + 7*m**2 + 8*m - 3. Let j be x(3). Calculate the greatest common divisor of j and 285.
15
Let x(r) be the first derivative of r**4/2 + r**3/3 - 70. Let a be x(2). Calculate the greatest common factor of a and 210.
10
Suppose -2*i = -3*j + 140, -3*j = -j - i - 92. Suppose -j = -4*u + 424. Calculate the greatest common divisor of 9 and u.
9
Suppose -77*m + 28*m + 63308 = 27*m. What is the greatest common factor of m and 441?
49
Let a(q) = -q**2 + 4*q + 15. Let s be a(6). Let r(l) = 15*l - 17 - 20 + 2 - s. Let t be r(6). Calculate the highest common factor of t and 78.
26
Suppose -49*v + 47*v = -o - 606, v + 4*o = 330. Calculate the greatest common divisor of 216 and v.
18
Let p = 11690 + -9191. Calculate the highest common divisor of 51 and p.
51
Let v = -83 + 80. Let c be (-2 - v) + -3 + 13. Suppose 5*r + 6 = 11. What is the greatest common factor of r and c?
1
Suppose 8*m - 9*m = -s + 3, 0 = -3*s + 15. What is the highest common factor of 53 and m?
1
Let j = -407 + 2918. What is the greatest common factor of j and 124?
31
Let s = -1973 + 3209. What is the greatest common divisor of 24 and s?
12
Let r = 297 + -451. Let l = r + 196. What is the highest common factor of l and 336?
42
Let g be 9/6*68/17 + 242. What is the highest common factor of g and 152?
8
Let d(c) = c**3 + 5*c**2 - 17*c - 36. Let g be d(-5). What is the greatest common divisor of 56 and g?
7
Let o(n) = n**3 + 9*n**2 + 7*n + 8. Let p be o(-8). Let i = 32 - p. Let z be (-1*(-2)/4)/(2/i). Calculate the greatest common divisor of z and 44.
4
Let q = 47 + -47. Suppose 2*g - 4 = -2*f + 12, q = 4*g - 4*f - 72. Let b = 15 + 11. Calculate the highest common divisor of g and b.
13
Let n be (-3760)/12*((-21)/15 + (-2)/20). Calculate the greatest common factor of n and 270.
10
Let w(i) = 50 + 50 - 158 - 5*i + 51. Let l be w(-8). What is the greatest common divisor of 66 and l?
33
Let z be 2/(5 + -4) - -1. Suppose -z*s + 60 - 36 = 0. Let h = -38 - -46. What is the highest common factor of s and h?
8
Let t = 13907 - 13879. What is the greatest common factor of t and 518?
14
Suppose 3*c - 3424 = -u + 3507, -4*u + 27780 = -2*c. What is the greatest common factor of 106 and u?
53
Let w = 1484 + -1313. What is the highest common factor of 99 and w?
9
Let o(i) = -3*i - 6. Let l be o(0). Let d be l/(-9)*(11 - -28). Let u be (2 - 3) + (-574)/(-2). Calculate the greatest common divisor of d and u.
26
Let v be 3 - ((-12)/21 - 15/35). Calculate the highest common divisor o